en 31076 is divided by 6211?
21
What is the remainder when 863 is divided by 55?
38
What is the remainder when 11127 is divided by 82?
57
Calculate the remainder when 5666 is divided by 115.
31
What is the remainder when 33029 is divided by 31?
14
What is the remainder when 240208 is divided by 306?
304
What is the remainder when 10137 is divided by 349?
16
What is the remainder when 2387 is divided by 20?
7
Calculate the remainder when 572945 is divided by 454.
451
What is the remainder when 152959 is divided by 67?
65
What is the remainder when 846 is divided by 74?
32
What is the remainder when 26698 is divided by 35?
28
What is the remainder when 5070 is divided by 153?
21
Calculate the remainder when 186697 is divided by 674.
673
Calculate the remainder when 15312 is divided by 18.
12
Calculate the remainder when 30821 is divided by 28.
21
Calculate the remainder when 27461 is divided by 1265.
896
Calculate the remainder when 7837 is divided by 104.
37
Calculate the remainder when 24837 is divided by 18.
15
Calculate the remainder when 77899 is divided by 95.
94
Calculate the remainder when 143155 is divided by 40.
35
Calculate the remainder when 1387 is divided by 1165.
222
Calculate the remainder when 23000 is divided by 72.
32
What is the remainder when 45516 is divided by 21?
9
What is the remainder when 51661 is divided by 39?
25
What is the remainder when 99196 is divided by 27?
25
What is the remainder when 62991 is divided by 15738?
39
Calculate the remainder when 14363 is divided by 23.
11
What is the remainder when 4640 is divided by 64?
32
Calculate the remainder when 29907 is divided by 57.
39
Calculate the remainder when 1896 is divided by 471.
12
What is the remainder when 252312 is divided by 21?
18
What is the remainder when 8307 is divided by 11?
2
What is the remainder when 3977 is divided by 6?
5
Calculate the remainder when 20796 is divided by 71.
64
Calculate the remainder when 16743 is divided by 104.
103
Calculate the remainder when 5551 is divided by 185.
1
Calculate the remainder when 5508887 is divided by 8.
7
What is the remainder when 19288 is divided by 9558?
172
Calculate the remainder when 591 is divided by 116.
11
What is the remainder when 530360 is divided by 1722?
1706
What is the remainder when 6187 is divided by 5750?
437
What is the remainder when 101296 is divided by 100?
96
Calculate the remainder when 5881 is divided by 1136.
201
Calculate the remainder when 365599 is divided by 32.
31
Calculate the remainder when 2199 is divided by 281.
232
Calculate the remainder when 936 is divided by 45.
36
What is the remainder when 6857 is divided by 381?
380
What is the remainder when 5647 is divided by 37?
23
What is the remainder when 4136 is divided by 375?
11
What is the remainder when 7109 is divided by 129?
14
Calculate the remainder when 406 is divided by 60.
46
Calculate the remainder when 74486 is divided by 34.
26
Calculate the remainder when 36579 is divided by 271.
265
What is the remainder when 5652 is divided by 13?
10
What is the remainder when 3287 is divided by 5?
2
What is the remainder when 5739 is divided by 288?
267
What is the remainder when 2827702 is divided by 281?
280
Calculate the remainder when 5894 is divided by 2941.
12
What is the remainder when 1215582 is divided by 15?
12
What is the remainder when 1715 is divided by 786?
143
Calculate the remainder when 766 is divided by 374.
18
What is the remainder when 17704 is divided by 233?
229
What is the remainder when 25253 is divided by 549?
548
What is the remainder when 1558 is divided by 244?
94
Calculate the remainder when 1431 is divided by 19.
6
What is the remainder when 53754 is divided by 480?
474
Calculate the remainder when 1151 is divided by 31.
4
What is the remainder when 48367 is divided by 3452?
39
Calculate the remainder when 27231 is divided by 368.
367
Calculate the remainder when 9817 is divided by 1398.
31
Calculate the remainder when 8659 is divided by 107.
99
Calculate the remainder when 28929 is divided by 22.
21
What is the remainder when 1767 is divided by 1187?
580
What is the remainder when 60525 is divided by 244?
13
Calculate the remainder when 103192 is divided by 60.
52
What is the remainder when 9937 is divided by 85?
77
What is the remainder when 282021 is divided by 15666?
33
Calculate the remainder when 10090 is divided by 98.
94
What is the remainder when 129772 is divided by 252?
244
What is the remainder when 400667 is divided by 778?
775
What is the remainder when 3999 is divided by 1170?
489
Calculate the remainder when 14983 is divided by 1070.
3
Calculate the remainder when 369069 is divided by 9.
6
Calculate the remainder when 4315 is divided by 110.
25
What is the remainder when 2795 is divided by 500?
295
Calculate the remainder when 87224 is divided by 255.
14
Calculate the remainder when 1299555 is divided by 14.
5
Calculate the remainder when 63874 is divided by 15967.
6
Calculate the remainder when 5888 is divided by 5378.
510
What is the remainder when 2804251 is divided by 34?
33
What is the remainder when 39341 is divided by 312?
29
Calculate the remainder when 552628 is divided by 327.
325
Calculate the remainder when 3707 is divided by 5.
2
Calculate the remainder when 25942 is divided by 184.
182
What is the remainder when 21618 is divided by 514?
30
What is the remainder when 64839 is divided by 20?
19
Calculate the remainder when 105172 is divided by 15021.
25
What is the remainder when 78516 is divided by 473?
471
What is the remainder when 52989 is divided by 107?
24
Calculate the remainder when 68879 is divided by 60.
59
Calculate the remainder when 7411 is divided by 491.
46
Calculate the remainder when 5513 is divided by 5438.
75
Calculate the remainder when 3329 is divided by 523.
191
What is the remainder when 2921 is divided by 61?
54
What is the remainder when 511223 is divided by 68?
67
Calculate the remainder when 449847 is divided by 5.
2
What is the remainder when 2576 is divided by 806?
158
Calculate the remainder when 351545 is divided by 43.
20
Calculate the remainder when 308031 is divided by 32.
31
Calculate the remainder when 138103 is divided by 548.
7
Calculate the remainder when 210151 is divided by 17.
14
What is the remainder when 468930 is divided by 11?
0
What is the remainder when 111633 is divided by 988?
977
Calculate the remainder when 291 is divided by 20.
11
Calculate the remainder when 72997 is divided by 36475.
47
Calculate the remainder when 4936 is divided by 4918.
18
Calculate the remainder when 73343 is divided by 22.
17
Calculate the remainder when 77434 is divided by 673.
39
Calculate the remainder when 1237 is divided by 44.
5
What is the remainder when 7924 is divided by 331?
311
Calculate the remainder when 91953 is divided by 97.
94
What is the remainder when 3038255 is divided by 234?
233
Calculate the remainder when 1075203 is divided by 46.
45
What is the remainder when 213786 is divided by 17814?
18
Calculate the remainder when 193081 is divided by 188.
5
Calculate the remainder when 59050 is divided by 74.
72
Calculate the remainder when 2186 is divided by 352.
74
Calculate the remainder when 6441 is divided by 113.
0
Calculate the remainder when 10038 is divided by 4904.
230
Calculate the remainder when 8592 is divided by 113.
4
Calculate the remainder when 671 is divided by 235.
201
What is the remainder when 10830 is divided by 1800?
30
Calculate the remainder when 357587 is divided by 1419.
1418
What is the remainder when 137149 is divided by 153?
61
Calculate the remainder when 286288 is divided by 38.
34
Calculate the remainder when 1018 is divided by 116.
90
Calculate the remainder when 43195 is divided by 1961.
53
Calculate the remainder when 2275 is divided by 42.
7
Calculate the remainder when 2718 is divided by 2703.
15
Calculate the remainder when 77983 is divided by 19493.
11
Calculate the remainder when 35454 is divided by 29.
16
What is the remainder when 9786 is divided by 3236?
78
What is the remainder when 5144 is divided by 14?
6
Calculate the remainder when 138 is divided by 107.
31
What is the remainder when 85849 is divided by 123?
118
Calculate the remainder when 2191 is divided by 362.
19
What is t